iple of 45?
False
Is 10818026 a multiple of 23?
False
Does 31 divide 512159?
False
Does 77 divide 390303?
False
Is 131 a factor of 40872?
True
Does 14 divide 2370984?
True
Is 186 a factor of 210738?
True
Is 49504 a multiple of 91?
True
Is 180872 a multiple of 23?
True
Is 28 a factor of 1860414?
False
Is 3974768 a multiple of 56?
True
Does 232 divide 172367?
False
Is 3043875 a multiple of 12?
False
Does 4 divide 42172?
True
Does 14 divide 1059184?
True
Is 65 a factor of 1725917?
False
Is 345949 a multiple of 5?
False
Is 20703 a multiple of 9?
False
Is 5321818 a multiple of 85?
False
Is 23 a factor of 139900?
False
Does 134 divide 1704346?
True
Does 32 divide 98639?
False
Does 8 divide 2448690?
False
Is 141 a factor of 266631?
True
Is 526380 a multiple of 186?
True
Is 160 a factor of 790080?
True
Does 32 divide 171677?
False
Is 18043728 a multiple of 16?
True
Is 745731 a multiple of 40?
False
Is 15 a factor of 344790?
True
Is 162494 a multiple of 226?
True
Is 299066 a multiple of 151?
False
Is 11914 a multiple of 25?
False
Is 93 a factor of 208687?
False
Is 148 a factor of 30698?
False
Does 4 divide 16472?
True
Is 183002 a multiple of 74?
True
Is 2808753 a multiple of 125?
False
Is 776 a factor of 7936152?
True
Is 49 a factor of 21611?
False
Is 5224669 a multiple of 178?
False
Is 17416787 a multiple of 1767?
False
Is 2842523 a multiple of 639?
False
Is 40 a factor of 73932?
False
Is 1281376 a multiple of 23?
True
Does 28 divide 965352?
False
Does 150 divide 60150?
True
Is 68911 a multiple of 113?
False
Is 531 a factor of 8543603?
False
Does 1319 divide 4724658?
True
Is 52 a factor of 1486992?
True
Does 267 divide 4302972?
True
Is 1313 a factor of 5195287?
False
Does 24 divide 1143172?
False
Is 278278 a multiple of 91?
True
Does 397 divide 854968?
False
Is 2 a factor of 267158?
True
Does 40 divide 635347?
False
Is 28 a factor of 46368?
True
Does 367 divide 1205067?
False
Is 1634096 a multiple of 16?
True
Does 167 divide 2265552?
False
Does 413 divide 331639?
True
Is 80 a factor of 155502?
False
Does 4 divide 1217223?
False
Does 82 divide 296096?
False
Is 63 a factor of 4488309?
True
Is 546 a factor of 107562?
True
Is 148 a factor of 143264?
True
Is 101 a factor of 1651451?
True
Does 30 divide 2315670?
True
Is 2496 a multiple of 192?
True
Is 34 a factor of 1080928?
True
Is 133 a factor of 870601?
False
Does 12 divide 3665?
False
Does 278 divide 1145180?
False
Is 4 a factor of 1383?
False
Is 6 a factor of 493092?
True
Is 89 a factor of 501248?
True
Is 97 a factor of 980767?
True
Does 107 divide 407068?
False
Does 18 divide 22662?
True
Does 20 divide 156940?
True
Is 88 a factor of 305138?
False
Does 185 divide 117475?
True
Does 4 divide 103905?
False
Does 220 divide 799748?
False
Does 31 divide 163192?
False
Is 1873320 a multiple of 120?
True
Is 84 a factor of 3201240?
True
Is 19861912 a multiple of 10?
False
Does 12 divide 13286233?
False
Is 947711 a multiple of 115?
False
Is 13 a factor of 295952?
False
Does 6 divide 301166?
False
Does 316 divide 973230?
False
Is 396384 a multiple of 266?
False
Is 5 a factor of 2911446?
False
Is 9419 a multiple of 2?
False
Is 8 a factor of 149042?
False
Does 109 divide 31681?
False
Does 129 divide 97558?
False
Is 2613958 even?
True
Is 48980 a multiple of 16?
False
Is 26 a factor of 324172?
False
Is 1000805 a multiple of 281?
False
Does 26 divide 194008?
False
Is 10 a factor of 5574779?
False
Does 11 divide 1214697?
True
Is 841983 a multiple of 129?
True
Does 361 divide 158283?
False
Is 32 a factor of 268960?
True
Is 8090344 a multiple of 12?
False
Does 96 divide 341088?
True
Is 900430 a multiple of 67?
False
Does 28 divide 349692?
True
Is 7150472 a multiple of 812?
True
Is 725280 a multiple of 24?
True
Is 18 a factor of 721019?
False
Is 41203 a multiple of 56?
False
Does 10 divide 802080?
True
Is 213 a factor of 66243?
True
Is 1673665 a multiple of 352?
False
Is 8 a factor of 2497864?
True
Does 60 divide 431459?
False
Is 9 a factor of 205182?
True
Does 34 divide 261575?
False
Does 17 divide 374002?
False
Does 6 divide 9516?
True
Is 3486982 a multiple of 56?
False
Does 117 divide 830442?
False
Is 601 a factor of 3045508?
False
Is 718202 a multiple of 10?
False
Is 51 a factor of 3234422?
False
Does 197 divide 897464?
False
Does 3 divide 139464?
True
Is 1708889 a multiple of 5?
False
Is 229518 a multiple of 9?
True
Is 3009861 a multiple of 31?
False
Is 13451 a multiple of 20?
False
Is 105 a factor of 1409360?
False
Does 254 divide 2063496?
True
Is 12714789 a multiple of 88?
False
Does 56 divide 76664?
True
Is 151 a factor of 241831?
False
Is 3056340 a multiple of 766?
True
Is 20 a factor of 22508?
False
Does 24 divide 4237526?
False
Is 1193520 a multiple of 4?
True
Is 6569949 a multiple of 19?
False
Is 404 a factor of 3262704?
True
Is 216408 a multiple of 127?
True
Is 24 a factor of 137120?
False
Is 188 a factor of 175923?
False
Is 130 a factor of 556041?
False
Is 4686 a multiple of 37?
False
Does 37 divide 925?
True
Is 10 a factor of 2541630?
True
Does 79 divide 84688?
True
Does 101 divide 8391888?
True
Is 93268 a multiple of 31?
False
Does 182 divide 8888334?
True
Is 303 a factor of 1316170?
False
Does 60 divide 26864?
False
Is 2841798 a multiple of 10?
False
Does 187 divide 1915407?
False
Is 14058 a multiple of 22?
True
Is 367024 a multiple of 406?
True
Is 3187464 a multiple of 21?
True
Does 6 divide 6380?
False
Is 167118 a multiple of 19?
False
Is 525 a factor of 9687825?
True
Does 10 divide 1658620?
True
Is 417240 a multiple of 57?
True
Is 86235 a multiple of 14?
False
Does 50 divide 4094100?
True
Is 233 a factor of 2081389?
True
Does 1361 divide 13086015?
True
Is 76 a factor of 321860?
True
Is 3111275 a multiple of 25?
True
Is 2287762 a multiple of 142?
True
Does 1197 divide 2095947?
True
Does 112 divide 59711?
False
Is 452556 a multiple of 18?
True
Is 140088 a multiple of 78?
True
Is 57 a factor of 109383?
True
Is 1420568 a multiple of 41?
True
Does 174 divide 4901928?
True
Does 248 divide 840472?
True
Is 9 a factor of 251172?
True
Is 3 a factor of 532585?
False
Does 56 divide 7153944?
True
Does 81 divide 4179038?
False
Is 53 a factor of 34057?
False
Is 146 a factor of 935714?
True
Does 3 divide 18579?
True
Is 19 a factor of 6345392?
True
Is 22 a factor of 139234?
False
Does 62 divide 1734760?
True
Is 128 a factor of 72327?
False
Is 61 a factor of 1277401?
True
Is 15 a factor of 3587700?
True
Is 407 a factor of 226385?
False
Is 10437214 a multiple of 9?
False
Is 5829825 a multiple of 666?
False
Is 28 a factor of 1452416?
True
Does 34 divide 340578?
True
Is 7095 a multiple of 43?
True
Does 143 divide 2424145?
False
Is 13 a factor of 431757?
False
Does 1020 divide 630360?
True
Is 49 a factor of 28878?
False
Is 675323 a multiple of 49?
False
Is 644079 a multiple of 51?
True
Is 136038 a multiple of 8?
False
Is 33 a factor of 1780552?
False
Is 22875272 a multiple of 217?
True
Is 1368149 a multiple of 79?
False
Does 203 divide 275065?
True
Does 113 divide 697775?
True
Is 10593506 a multiple of 317?
True
Is 16 a factor of 163936?
True
Does 208 divide 4291872?
True
Does 15 divide 257569?
False
Is 107 a factor of 82283?
True
Is 142 a factor of 109224?
False
Is 544 a factor of 1902368?
True
Does 18 divide 3042260?
False
Does 89 divide 200962?
True
Is 433881 a multiple of 497?
True
Does 21 divide 128184?
True
Does 8 divide 3656633?
False
Is 5661059 a multiple of 40?
False
Does 40 divide 17320?
True
Is 21 a factor of 740931?
False
Is 70 a factor of 147070?
True
Is 9 a factor of 749097?
True
Is 392 a factor of 9819600?
True
Is 6890921 a multiple of 70?
False
Does 99 divide 24903113?
False
Is 1630720 a multiple of 49?
True
Is 221120 a multiple of 16?
True
Is 791 a factor of 841624?
True
Is 29 a factor of 193952?
True
Is 3482154 a multiple of 207?
True
Is 133770 a multiple of 195?
True
Does 2540 divide 15331080?
False
Is 34 a factor of 12933158?
True
Is 12 a factor of 924192?
True
Does 28 divide 46340?
True
Does 14 divide 14872702?
False
Does 16 divide 1448440?
False
Is 631100 a multiple of 50?
True
Is 297987 a multiple of 667?
False
Is 11 a factor of 4793437?
True
Does 31 divide 563034?
False
Does 106 divide 179958?
False
Does 63 divide 3538521?
True
Does 25 divide 296775?
True
Does 12 divide 5074524?
True
Is 51 a fact